NOAA-Style Climate Reports
Select a Year or Month report
2024: Jan Feb Mar Apr May Jun Jul Aug Sep Oct Nov Dec
2023: Jan Feb Mar Apr May Jun Jul Aug Sep Oct Nov Dec
2022: Jan Feb Mar Apr May Jun Jul Aug Sep Oct Nov Dec
2021: Jan Feb Mar Apr May Jun Jul Aug Sep Oct Nov Dec
2020: Jan Feb Mar Apr May Jun Jul Aug Sep Oct Nov Dec
2019: Jan Feb Mar Apr May Jun Jul Aug Sep Oct Nov Dec
2018: Jan Feb Mar Apr May Jun Jul Aug Sep Oct Nov Dec
2017: Jan Feb Mar Apr May Jun Jul Aug Sep Oct Nov Dec
2016: Jan Feb Mar Apr May Jun Jul Aug Sep Oct Nov Dec
2015: Jan Feb Mar Apr May Jun Jul Aug Sep Oct Nov Dec
2014: Jan Feb Mar Apr May Jun Jul Aug Sep Oct Nov Dec
2013: Jan Feb Mar Apr May Jun Jul Aug Sep Oct Nov Dec
2024: Jan Feb Mar Apr May Jun Jul Aug Sep Oct Nov Dec
2023: Jan Feb Mar Apr May Jun Jul Aug Sep Oct Nov Dec
2022: Jan Feb Mar Apr May Jun Jul Aug Sep Oct Nov Dec
2021: Jan Feb Mar Apr May Jun Jul Aug Sep Oct Nov Dec
2020: Jan Feb Mar Apr May Jun Jul Aug Sep Oct Nov Dec
2019: Jan Feb Mar Apr May Jun Jul Aug Sep Oct Nov Dec
2018: Jan Feb Mar Apr May Jun Jul Aug Sep Oct Nov Dec
2017: Jan Feb Mar Apr May Jun Jul Aug Sep Oct Nov Dec
2016: Jan Feb Mar Apr May Jun Jul Aug Sep Oct Nov Dec
2015: Jan Feb Mar Apr May Jun Jul Aug Sep Oct Nov Dec
2014: Jan Feb Mar Apr May Jun Jul Aug Sep Oct Nov Dec
2013: Jan Feb Mar Apr May Jun Jul Aug Sep Oct Nov Dec
Report for 2024 April
Daily NOAA report MONTHLY CLIMATOLOGICAL SUMMARY for APR. 2024 NAME: CITY: STATE: ELEV: LAT: LONG: TEMPERATURE ( °F), RAIN (in.), WIND SPEED (mph) HEAT COOL AVG MEAN DEG DEG WIND DOM DAY TEMP HIGH TIME LOW TIME DAYS DAYS RAIN SPEED HIGH TIME DIR -------------------------------------------------------------------------------------------------------- 01 43.7 057.6 14:48 33.0 04:18 21.3 00.0 00.00 00.4 11.5 14:45 WSW 02 41.9 050.7 14:28 35.9 03:09 23.0 00.0 00.07 00.3 10.3 15:04 S 03 36.2 039.3 00:15 32.5 00:00 28.7 00.0 00.35 01.6 18.4 19:38 SE 04 32.8 035.9 14:08 30.9 06:37 32.1 00.0 00.08 00.8 17.3 03:50 NE 05 36.0 041.2 14:23 31.6 06:49 29.0 00.0 00.80 00.7 16.1 16:36 WNW 06 37.6 044.4 15:05 33.0 04:18 27.4 00.0 00.57 00.4 08.1 18:11 NNE 07 38.9 047.8 15:34 34.0 03:12 26.0 00.0 00.18 00.0 06.9 10:53 N 08 45.9 062.2 17:01 29.5 06:45 19.0 00.0 00.00 00.3 09.2 16:33 WNW 09 53.8 073.5 16:15 36.3 06:57 11.1 00.0 00.00 00.3 10.3 17:18 SSW 10 48.7 064.2 12:55 36.8 06:51 16.3 00.0 00.07 00.1 11.5 13:02 SSE 11 45.4 047.3 16:48 43.2 06:24 19.6 00.0 00.24 00.1 09.2 14:56 SE 12 54.8 060.5 10:43 46.5 01:05 10.2 00.0 00.83 01.8 25.3 22:14 SW 13 47.5 053.3 13:13 41.9 23:37 17.4 00.0 00.04 02.4 26.4 15:44 W 14 47.3 058.7 14:34 39.7 06:38 17.7 00.0 00.07 01.9 21.9 12:38 WSW 15 52.5 067.6 13:29 39.7 06:25 12.4 00.0 00.01 00.9 20.7 14:24 WNW 16 51.6 068.3 15:17 36.4 05:39 13.4 00.0 00.00 00.5 21.9 13:24 NNW 17 51.1 069.7 14:48 35.6 06:18 13.8 00.0 00.00 00.3 14.9 14:22 SSE 18 44.3 048.8 00:06 41.9 20:07 20.7 00.0 00.06 00.4 11.5 09:22 SE 19 50.4 063.7 15:54 41.2 06:10 14.5 00.0 00.00 01.1 16.1 17:34 SSW 20 49.9 060.3 16:42 40.7 00:00 15.0 00.0 00.19 01.3 13.8 16:26 W 21 42.5 051.4 12:42 35.1 06:26 22.5 00.0 00.00 01.1 19.6 15:14 W 22 43.8 057.4 16:17 32.7 06:27 21.1 00.0 00.00 00.4 10.3 16:11 W 23 49.4 069.9 15:14 30.4 05:34 15.5 00.0 00.00 01.5 19.6 17:57 SW 24 48.0 065.4 14:34 34.3 00:00 17.0 00.0 00.07 02.8 23.0 14:23 W 25 42.5 059.0 14:56 29.8 06:22 22.4 00.0 00.00 00.2 11.5 15:17 NNW 26 46.6 063.5 14:15 29.7 06:06 18.4 00.0 00.00 00.2 09.2 17:20 SE -------------------------------------------------------------------------------------------------------- 45.5 (46.4) 73.5 day 09 29.5 day 08 505.4 000.0 03.63 00.8 26.5 day 14 WSW Min < 86: 26 Max Rain: 0.83 ON 12-04-24 Days of Rain: 15 (> .008in) 7 (> .08in) 1 (> 0.8in)